n base 2, what is -11011 - 11001010110101?
-11001011010000
In base 12, what is -340 - -12a?
-212
In base 13, what is 168cc4 - -5?
168cc9
In base 6, what is -401 - 313?
-1114
In base 5, what is -3 + -20023000?
-20023003
In base 10, what is 31 - -134?
165
In base 3, what is -211012 - -11?
-211001
In base 3, what is 202010 + 2121?
211201
In base 8, what is 74246 - -5?
74253
In base 5, what is -4 + 222133210?
222133201
In base 9, what is -7 + -233048?
-233056
In base 15, what is -139206 - -4?
-139202
In base 12, what is -41 + 34a56?
34a15
In base 13, what is -2 - -11b2c8?
11b2c6
In base 11, what is -6754 + -3?
-6757
In base 5, what is -1312 + -21030?
-22342
In base 7, what is 6 - 320234?
-320225
In base 13, what is 1b53 + 0?
1b53
In base 11, what is -28515 - 18?
-28532
In base 4, what is -112112 + -13230?
-132002
In base 14, what is 1a + 1911?
192b
In base 3, what is -11212011 + 110?
-11211201
In base 2, what is 100 - 101001100100101?
-101001100100001
In base 8, what is 1773125 - -4?
1773131
In base 15, what is 36 - -30a?
341
In base 2, what is -1 - -101000011001?
101000011000
In base 7, what is 1106 + -405?
401
In base 10, what is 26774 + 4?
26778
In base 3, what is 1000120111 + 222?
1000121110
In base 5, what is -30123 + -40140?
-120313
In base 11, what is 4a4 + -88?
417
In base 2, what is -10000110000001101011 + -1?
-10000110000001101100
In base 10, what is 88 - -154?
242
In base 9, what is -3 - 516?
-520
In base 16, what is -874 - -1?
-873
In base 15, what is 6ddb - -5?
6de1
In base 13, what is 17205 + 2?
17207
In base 5, what is 100 - -310221?
310321
In base 13, what is 7aa - 1a8?
602
In base 9, what is -11614 + 4?
-11610
In base 2, what is -11001000011011 - -10111?
-11001000000100
In base 4, what is 223231200 + -30?
223231110
In base 6, what is -5431 - -121?
-5310
In base 7, what is -106516 + -5?
-106524
In base 7, what is 3 + 332551?
332554
In base 7, what is 6532 - -11?
6543
In base 13, what is 12 - b1242?
-b1230
In base 4, what is 113 - -20000?
20113
In base 3, what is -102212022 + -2020?
-102221112
In base 3, what is -21010221 - -1?
-21010220
In base 4, what is -330321 - 230?
-331211
In base 15, what is 33 + -2d3?
-2a0
In base 4, what is 100 - -230230231?
230230331
In base 14, what is 8ad + 8?
8b7
In base 11, what is 815 + 751?
1466
In base 14, what is -5b3 + 128?
-489
In base 9, what is -13758 - -4?
-13754
In base 14, what is 3c + 1d030?
1d06c
In base 13, what is 26ccc - -3?
27002
In base 11, what is -1820a4 + -5?
-1820a9
In base 9, what is -406 + 208?
-187
In base 8, what is 27 - -2504?
2533
In base 8, what is -2475074 + 5?
-2475067
In base 6, what is -113 - 43?
-200
In base 5, what is -203 + -103432?
-104140
In base 3, what is 1202221 + -10210?
1122011
In base 2, what is 10100101010000 - 11?
10100101001101
In base 10, what is 43058 - 5?
43053
In base 8, what is -411226 + -4?
-411232
In base 12, what is -3bb9 - 0?
-3bb9
In base 5, what is 30420 + -344?
30021
In base 10, what is 11 + -2713?
-2702
In base 5, what is 21320 - -121?
21441
In base 8, what is -1 - 125322?
-125323
In base 16, what is -144ea - -5?
-144e5
In base 7, what is -110 + -3440?
-3550
In base 2, what is -1110100000 - 11010?
-1110111010
In base 5, what is 12 - 1221120?
-1221103
In base 16, what is 7 + -a48?
-a41
In base 8, what is 115 - -54?
171
In base 11, what is -46 - 9354?
-939a
In base 5, what is -310 - 2034?
-2344
In base 5, what is -101 - 232433?
-233034
In base 9, what is -23 - -11770?
11746
In base 13, what is -14bb00 + -2?
-14bb02
In base 9, what is -4 + -1005820?
-1005824
In base 12, what is -1 + -1353?
-1354
In base 16, what is 22a - 66?
1c4
In base 8, what is 45116 + -16?
45100
In base 8, what is 113661 - 36?
113623
In base 15, what is -1c - 1241?
-125d
In base 14, what is -36b73 + 0?
-36b73
In base 7, what is -3 + -1001?
-1004
In base 11, what is 2 + 10084?
10086
In base 13, what is -4 - 2c405?
-2c409
In base 13, what is b8c - -120?
cac
In base 10, what is 3 + -19049?
-19046
In base 13, what is -cc04c + 4?
-cc048
In base 13, what is -7 + 6477?
6470
In base 3, what is 0 + -2120011101020?
-2120011101020
In base 16, what is 491 + -21?
470
In base 13, what is -3c812 - -2?
-3c810
In base 7, what is -5 + 104313?
104305
In base 11, what is -5661 + -7?
-5668
In base 10, what is 560614 + 3?
560617
In base 11, what is 35475 - 9?
35467
In base 8, what is 4 + -24000?
-23774
In base 3, what is -10112020 + -1010?
-10120100
In base 16, what is -2bd1 - -182?
-2a4f
In base 13, what is 139 - c5a?
-b21
In base 12, what is 0 + 413a85?
413a85
In base 9, what is -1248 - -32?
-1216
In base 16, what is 5f + -3b6?
-357
In base 2, what is -110000010100100010 - 101?
-110000010100100111
In base 6, what is 3 - 2235035?
-2235032
In base 12, what is 25 - 16407?
-163a2
In base 15, what is -1 + 5814?
5813
In base 13, what is -819a - 5?
-81a2
In base 16, what is -b0 - 1609?
-16b9
In base 4, what is 3132 + -1133200?
-1130002
In base 2, what is 1111001011101000 - 1001?
1111001011011111
In base 3, what is 12 - 21022101122?
-21022101110
In base 11, what is -51270 - -10?
-51260
In base 11, what is -16a995 + -3?
-16a998
In base 15, what is 0 - -21b0?
21b0
In base 7, what is 15352664 - 4?
15352660
In base 14, what is 9 - a1a8?
-a19d
In base 12, what is 13 + -4a4a?
-4a37
In base 3, what is 1201122 - 22202?
1101220
In base 8, what is 3 - 27300?
-27275
In base 8, what is 7475 - -7?
7504
In base 16, what is 19 - -aa09?
aa22
In base 3, what is 11000 - 111010?
-100010
In base 14, what is 14 + -1b60b?
-1b5d7
In base 13, what is -5 - 90ba?
-90c2
In base 2, what is -101111 - -101110010110?
101101100111
In base 13, what is 2 + -9798?
-9796
In base 7, what is 406325 + -5?
406320
In base 7, what is 2534 - 23?
2511
In base 3, what is 22102 + 12001?
111110
In base 3, what is 10111 - -10211121?
10222002
In base 11, what is 0 - 8083?
-8083
In base 5, what is 240314 + 10?
240324
In base 3, what is 10 - 2201220201?
-2201220121
In base 15, what is -4cba + dd?
-4bcc
In base 3, what is 11211 + -222012?
-210101
In base 2, what is 11000001001 - -100110?
11000101111
In base 2, what is -10010001101 - -1010100?
-10000111001
In base 13, what is -4c3c43 + 4?
-4c3c3c
In base 13, what is -4b - 56?
-a4
In base 13, what is -65 + 1b5?
150
In base 10, what is 204358 + 3?
204361
In base 4, what is 120 + 12323?
13103
In base 4, what is -133 - 2221321?
-2222120
In base 9, what is -4031 + 14?
-4016
In base 10, what is -3 - 147392?
-147395
In base 2, what is -110101110 - -101000011110?
100001110000
In base 6, what is 2 + -242020?
-242014
In base 16, what is d5b - -18c?
ee7
In base 3, what is -211 - 10220?
-11201
In base 2, what is 1010000 + 10111011011?
11000101011
In base 12, what is 39a7 + -3?
39a4
In base 12, what is 4 - 9b789?
-9b785
In base 11, what is -2881564 + -1?
-2881565
In base 14, what is 1c1 - 649?
-468
In base 16, what is 3ffeb2 - 1?
3ffeb1
In base 13, what is 336 - -60?
396
In base 3, what is -211 + -110111210?
-110112121
In base 9, what is -21337 + 24?
-21313
In base 11, what is -5 - 234532?
-234537
In base 7, what is 254 - 126?
125
In base 5, what is 34 + 34334?
34423
In base 14, what is -2 + 25d8?
25d6
In base 16, what is -2d - -c2d?
c00
In base 15, what is 1dd336 + -5?
1dd331
In base 6, what is 10 + -13401303?
-13401253
In base 14, what is -b62 + -5?
-b67
In base 15, what is 7 + -2de?
-2d7
In base 4, what is -10121012 - -2?
-10121010
In base 3, what is -1210221 - -1?
-1210220
In base 7, what is -323 + 2154?
1531
In base 2, what is -111100110 + 101010?
-110111100
In base 9, what is -30 - -10810?
10770
In base 8, what is -27317 + 5?
-27312
In base 14, what is -18 + 9961?
9947
In base 15, what is 0 - 1633?
-1633
In base 15, what is 11230 + 3?
11233
In base 11, what is 401 + -4599?
-4198
In base 2, what is 1010111010 - -100111101?
1111110111
In base 15, what is 6585 - -1?
6586
In base 14, what is -9a7 - -d4?
-8b3
In base 8, what is -5251214 + -1?
-5251215
In base 15, what is 21db06 + 3?
21db09
In base 16, what is -d528f - 0?
-d528f
In base 12, what is 3 + -864a?
-8647
In base 3, what is -1 - 211111111?
-211111112
In base 2, what is -1010010100111 - -1111001?
-1010000101110
In base 11, what is 39463 + -7?
39457
In base 3, what is 12101202020 - 1?
12101202012
In base 8, what is -260 - -14671?
14411
In base 8, what is 